{"id":16046,"date":"2023-08-05T23:46:34","date_gmt":"2023-08-05T20:46:34","guid":{"rendered":"https:\/\/emrecakar.av.tr\/?page_id=16046"},"modified":"2023-08-05T23:48:24","modified_gmt":"2023-08-05T20:48:24","slug":"kira-hukuku","status":"publish","type":"page","link":"https:\/\/emrecakar.av.tr\/index.php\/kira-hukuku\/","title":{"rendered":"Kira Hukuku"},"content":{"rendered":"\t\t<div data-elementor-type=\"wp-page\" data-elementor-id=\"16046\" class=\"elementor elementor-16046\">\n\t\t\t\t\t\t<section class=\"elementor-section elementor-top-section elementor-element elementor-element-b896c36 wd-section-stretch elementor-section-height-min-height elementor-section-boxed elementor-section-height-default elementor-section-items-middle\" data-id=\"b896c36\" data-element_type=\"section\" data-settings=\"{&quot;background_background&quot;:&quot;classic&quot;}\">\n\t\t\t\t\t\t\t<div class=\"elementor-background-overlay\"><\/div>\n\t\t\t\t\t\t\t<div class=\"elementor-container elementor-column-gap-default\">\n\t\t\t\t\t<div class=\"elementor-column elementor-col-100 elementor-top-column elementor-element elementor-element-5e0049c\" data-id=\"5e0049c\" data-element_type=\"column\">\n\t\t\t<div class=\"elementor-widget-wrap elementor-element-populated\">\n\t\t\t\t\t\t<div class=\"elementor-element elementor-element-a3473cc elementor-widget elementor-widget-heading\" data-id=\"a3473cc\" data-element_type=\"widget\" data-widget_type=\"heading.default\">\n\t\t\t\t<div class=\"elementor-widget-container\">\n\t\t\t\t\t<p class=\"elementor-heading-title elementor-size-default\">Kira Hukuku<\/p>\t\t\t\t<\/div>\n\t\t\t\t<\/div>\n\t\t\t\t\t<\/div>\n\t\t<\/div>\n\t\t\t\t\t<\/div>\n\t\t<\/section>\n\t\t\t\t<section class=\"elementor-section elementor-top-section elementor-element elementor-element-5f2c100 wd-section-stretch elementor-section-boxed elementor-section-height-default elementor-section-height-default\" data-id=\"5f2c100\" data-element_type=\"section\">\n\t\t\t\t\t\t<div class=\"elementor-container elementor-column-gap-default\">\n\t\t\t\t\t<div class=\"elementor-column elementor-col-100 elementor-top-column elementor-element elementor-element-fa5c2c1\" data-id=\"fa5c2c1\" data-element_type=\"column\">\n\t\t\t<div class=\"elementor-widget-wrap elementor-element-populated\">\n\t\t\t\t\t\t<section class=\"elementor-section elementor-inner-section elementor-element elementor-element-36313e1 elementor-section-boxed elementor-section-height-default elementor-section-height-default wd-section-disabled\" data-id=\"36313e1\" data-element_type=\"section\" data-settings=\"{&quot;background_background&quot;:&quot;classic&quot;}\">\n\t\t\t\t\t\t<div class=\"elementor-container elementor-column-gap-default\">\n\t\t\t\t\t<div class=\"elementor-column elementor-col-100 elementor-inner-column elementor-element elementor-element-a7b5ca1\" data-id=\"a7b5ca1\" data-element_type=\"column\">\n\t\t\t<div class=\"elementor-widget-wrap elementor-element-populated\">\n\t\t\t\t\t\t<div class=\"elementor-element elementor-element-cbf994d color-scheme-inherit text-left elementor-widget elementor-widget-text-editor\" data-id=\"cbf994d\" data-element_type=\"widget\" data-widget_type=\"text-editor.default\">\n\t\t\t\t<div class=\"elementor-widget-container\">\n\t\t\t\t\t\t\t\t\t<p>AV. Emre \u00c7AKAR Hukuk B\u00fcrosu;<br \/><br \/>Kira s\u00f6zle\u015fmesinde taraflarca belirlenen kira art\u0131\u015f\u0131na ili\u015fkin \u015fart ge\u00e7erli olup taraflar\u0131 ba\u011flar. S\u00f6zle\u015fmede belirlenen art\u0131\u015f h\u00fckm\u00fc gere\u011fince kirac\u0131n\u0131n kira paras\u0131n\u0131 her yenilenen kira y\u0131l\u0131nda s\u00f6zle\u015fmedeki art\u0131\u015f oran\u0131na uygun \u015fekilde art\u0131rarak \u00f6demesi gerekir. 6098 say\u0131l\u0131 T.B.K.nun kira bedelinin belirlenmesi ba\u015fl\u0131kl\u0131 344. maddesinde; &#8220;taraflar\u0131n yenilen kira d\u00f6nemlerinde uygulanacak kira bedeline ili\u015fkin anla\u015fmalar\u0131, bir \u00f6nceki kira y\u0131l\u0131nda \u00fcretici fiyat endeksindeki (\u00dcFE) art\u0131\u015f oran\u0131n\u0131 ge\u00e7memek ko\u015fuluyla ge\u00e7erlidir. Bu kural bir y\u0131ldan daha uzun s\u00fcreli kira s\u00f6zle\u015fmelerinde de uygulan\u0131r.&#8221; h\u00fckm\u00fc dikkate al\u0131narak \u00dcFE art\u0131\u015f oran\u0131n\u0131 ge\u00e7memek \u00fczere s\u00f6zle\u015fmedeki art\u0131\u015f h\u00fckm\u00fc do\u011frultusunda kira fark alaca\u011f\u0131n\u0131n tahsili talep edilebilir. Dolay\u0131s\u0131yla takip tarihinden geriye do\u011fru be\u015f y\u0131ll\u0131k kira fark\u0131 alaca\u011f\u0131n\u0131n tahsiline ili\u015fkin dava a\u00e7\u0131labilir.<\/p>\t\t\t\t\t\t\t\t<\/div>\n\t\t\t\t<\/div>\n\t\t\t\t\t<\/div>\n\t\t<\/div>\n\t\t\t\t\t<\/div>\n\t\t<\/section>\n\t\t\t\t<section class=\"elementor-section elementor-inner-section elementor-element elementor-element-c83fdc7 elementor-section-boxed elementor-section-height-default elementor-section-height-default wd-section-disabled\" data-id=\"c83fdc7\" data-element_type=\"section\" data-settings=\"{&quot;background_background&quot;:&quot;classic&quot;}\">\n\t\t\t\t\t\t<div class=\"elementor-container elementor-column-gap-default\">\n\t\t\t\t\t<div class=\"elementor-column elementor-col-100 elementor-inner-column elementor-element elementor-element-3687a78\" data-id=\"3687a78\" data-element_type=\"column\">\n\t\t\t<div class=\"elementor-widget-wrap elementor-element-populated\">\n\t\t\t\t\t\t<div class=\"elementor-element elementor-element-f106d21 color-scheme-inherit text-left elementor-widget elementor-widget-text-editor\" data-id=\"f106d21\" data-element_type=\"widget\" data-widget_type=\"text-editor.default\">\n\t\t\t\t<div class=\"elementor-widget-container\">\n\t\t\t\t\t\t\t\t\t<p><b>Kira huku ile ilgili daha fazla bilgi almak i\u00e7in hukuk b\u00fcromuzu aray\u0131n\u0131z.<\/b><\/p>\t\t\t\t\t\t\t\t<\/div>\n\t\t\t\t<\/div>\n\t\t\t\t\t<\/div>\n\t\t<\/div>\n\t\t\t\t\t<\/div>\n\t\t<\/section>\n\t\t\t\t\t<\/div>\n\t\t<\/div>\n\t\t\t\t\t<\/div>\n\t\t<\/section>\n\t\t\t\t<\/div>\n\t\t","protected":false},"excerpt":{"rendered":"<p>Kira Hukuku AV. Emre \u00c7AKAR Hukuk B\u00fcrosu; Kira s\u00f6zle\u015fmesinde taraflarca belirlenen kira art\u0131\u015f\u0131na ili\u015fkin \u015fart ge\u00e7erli olup taraflar\u0131 ba\u011flar. S\u00f6zle\u015fmede<\/p>\n","protected":false},"author":1,"featured_media":0,"parent":0,"menu_order":0,"comment_status":"closed","ping_status":"closed","template":"elementor_header_footer","meta":{"footnotes":""},"class_list":["post-16046","page","type-page","status-publish","hentry"],"_links":{"self":[{"href":"https:\/\/emrecakar.av.tr\/index.php\/wp-json\/wp\/v2\/pages\/16046","targetHints":{"allow":["GET"]}}],"collection":[{"href":"https:\/\/emrecakar.av.tr\/index.php\/wp-json\/wp\/v2\/pages"}],"about":[{"href":"https:\/\/emrecakar.av.tr\/index.php\/wp-json\/wp\/v2\/types\/page"}],"author":[{"embeddable":true,"href":"https:\/\/emrecakar.av.tr\/index.php\/wp-json\/wp\/v2\/users\/1"}],"replies":[{"embeddable":true,"href":"https:\/\/emrecakar.av.tr\/index.php\/wp-json\/wp\/v2\/comments?post=16046"}],"version-history":[{"count":10,"href":"https:\/\/emrecakar.av.tr\/index.php\/wp-json\/wp\/v2\/pages\/16046\/revisions"}],"predecessor-version":[{"id":16056,"href":"https:\/\/emrecakar.av.tr\/index.php\/wp-json\/wp\/v2\/pages\/16046\/revisions\/16056"}],"wp:attachment":[{"href":"https:\/\/emrecakar.av.tr\/index.php\/wp-json\/wp\/v2\/media?parent=16046"}],"curies":[{"name":"wp","href":"https:\/\/api.w.org\/{rel}","templated":true}]}}