{"id":15989,"date":"2023-08-05T22:56:06","date_gmt":"2023-08-05T19:56:06","guid":{"rendered":"https:\/\/emrecakar.av.tr\/?page_id=15989"},"modified":"2023-08-05T22:57:24","modified_gmt":"2023-08-05T19:57:24","slug":"dava-ve-uyusmazlik-cozumu","status":"publish","type":"page","link":"https:\/\/emrecakar.av.tr\/index.php\/dava-ve-uyusmazlik-cozumu\/","title":{"rendered":"Dava ve Uyu\u015fmazl\u0131k \u00c7\u00f6z\u00fcm\u00fc"},"content":{"rendered":"\t\t<div data-elementor-type=\"wp-page\" data-elementor-id=\"15989\" class=\"elementor elementor-15989\">\n\t\t\t\t\t\t<section class=\"elementor-section elementor-top-section elementor-element elementor-element-b896c36 wd-section-stretch elementor-section-height-min-height elementor-section-boxed elementor-section-height-default elementor-section-items-middle\" data-id=\"b896c36\" data-element_type=\"section\" data-settings=\"{&quot;background_background&quot;:&quot;classic&quot;}\">\n\t\t\t\t\t\t\t<div class=\"elementor-background-overlay\"><\/div>\n\t\t\t\t\t\t\t<div class=\"elementor-container elementor-column-gap-default\">\n\t\t\t\t\t<div class=\"elementor-column elementor-col-100 elementor-top-column elementor-element elementor-element-5e0049c\" data-id=\"5e0049c\" data-element_type=\"column\">\n\t\t\t<div class=\"elementor-widget-wrap elementor-element-populated\">\n\t\t\t\t\t\t<div class=\"elementor-element elementor-element-a3473cc elementor-widget elementor-widget-heading\" data-id=\"a3473cc\" data-element_type=\"widget\" data-widget_type=\"heading.default\">\n\t\t\t\t<div class=\"elementor-widget-container\">\n\t\t\t\t\t<p class=\"elementor-heading-title elementor-size-default\">Dava ve Uyu\u015fmazl\u0131k \u00c7\u00f6z\u00fcm\u00fc<\/p>\t\t\t\t<\/div>\n\t\t\t\t<\/div>\n\t\t\t\t\t<\/div>\n\t\t<\/div>\n\t\t\t\t\t<\/div>\n\t\t<\/section>\n\t\t\t\t<section class=\"elementor-section elementor-top-section elementor-element elementor-element-5f2c100 wd-section-stretch elementor-section-boxed elementor-section-height-default elementor-section-height-default\" data-id=\"5f2c100\" data-element_type=\"section\">\n\t\t\t\t\t\t<div class=\"elementor-container elementor-column-gap-default\">\n\t\t\t\t\t<div class=\"elementor-column elementor-col-100 elementor-top-column elementor-element elementor-element-fa5c2c1\" data-id=\"fa5c2c1\" data-element_type=\"column\">\n\t\t\t<div class=\"elementor-widget-wrap elementor-element-populated\">\n\t\t\t\t\t\t<section class=\"elementor-section elementor-inner-section elementor-element elementor-element-36313e1 elementor-section-boxed elementor-section-height-default elementor-section-height-default wd-section-disabled\" data-id=\"36313e1\" data-element_type=\"section\" data-settings=\"{&quot;background_background&quot;:&quot;classic&quot;}\">\n\t\t\t\t\t\t<div class=\"elementor-container elementor-column-gap-default\">\n\t\t\t\t\t<div class=\"elementor-column elementor-col-100 elementor-inner-column elementor-element elementor-element-a7b5ca1\" data-id=\"a7b5ca1\" data-element_type=\"column\">\n\t\t\t<div class=\"elementor-widget-wrap elementor-element-populated\">\n\t\t\t\t\t\t<div class=\"elementor-element elementor-element-cbf994d color-scheme-inherit text-left elementor-widget elementor-widget-text-editor\" data-id=\"cbf994d\" data-element_type=\"widget\" data-widget_type=\"text-editor.default\">\n\t\t\t\t<div class=\"elementor-widget-container\">\n\t\t\t\t\t\t\t\t\t<p>AV. Emre \u00c7AKAR Hukuk B\u00fcrosu,\u00a0<span style=\"color: #020a20; font-family: Roboto, sans-serif; font-size: 14px; font-style: normal; font-variant-ligatures: normal; font-variant-caps: normal; font-weight: 400; letter-spacing: 0.28px;\">her t\u00fcrl\u00fc yarg\u0131lama ve tahkim yollar\u0131n\u0131n ulusal ve uluslararas\u0131 boyutta takibi konusunda tecr\u00fcbe sahibidir. Dava Tahkim ve Uyu\u015fmazl\u0131k \u00c7\u00f6z\u00fcm\u00fc alan\u0131nda, ba\u015fta ticari s\u00f6zle\u015fmelerden do\u011fan ihtilaflara ili\u015fkin davalar ve yabanc\u0131 tahkim kararlar\u0131n\u0131n T\u00fcrkiye\u2019de uygulanmas\u0131 olmak \u00fczere ofisimizin \u00e7al\u0131\u015fma alanlar\u0131 aras\u0131nda yer alan t\u00fcm hukuk dallar\u0131nda dava takibi, tahkim ve uyu\u015fmazl\u0131k \u00e7\u00f6z\u00fcm\u00fc hizmeti vermektedir.<\/span><\/p>\t\t\t\t\t\t\t\t<\/div>\n\t\t\t\t<\/div>\n\t\t\t\t\t<\/div>\n\t\t<\/div>\n\t\t\t\t\t<\/div>\n\t\t<\/section>\n\t\t\t\t<section class=\"elementor-section elementor-inner-section elementor-element elementor-element-c83fdc7 elementor-section-boxed elementor-section-height-default elementor-section-height-default wd-section-disabled\" data-id=\"c83fdc7\" data-element_type=\"section\" data-settings=\"{&quot;background_background&quot;:&quot;classic&quot;}\">\n\t\t\t\t\t\t<div class=\"elementor-container elementor-column-gap-default\">\n\t\t\t\t\t<div class=\"elementor-column elementor-col-100 elementor-inner-column elementor-element elementor-element-3687a78\" data-id=\"3687a78\" data-element_type=\"column\">\n\t\t\t<div class=\"elementor-widget-wrap elementor-element-populated\">\n\t\t\t\t\t\t<div class=\"elementor-element elementor-element-a588501 color-scheme-inherit text-left elementor-widget elementor-widget-text-editor\" data-id=\"a588501\" data-element_type=\"widget\" data-widget_type=\"text-editor.default\">\n\t\t\t\t<div class=\"elementor-widget-container\">\n\t\t\t\t\t\t\t\t\t<p>Hukuki yollara ba\u015fvurmadan anla\u015fma yolu ile \u00e7\u00f6z\u00fclebilecek dava ve olaylar i\u00e7in gereken efektif \u00e7\u00f6z\u00fcmleri sunar. D\u00fcnyan\u0131n pek \u00e7ok \u00fclkesinde i\u015fbirli\u011fi i\u00e7erisinde oldu\u011fu hukuk b\u00fcrolar\u0131 ve uluslararas\u0131 meslek \u00f6rg\u00fct\u00fc \u00fcyelikleri sayesinde bir\u00e7ok sulh anla\u015fmas\u0131n\u0131 sa\u011flam\u0131\u015f ve tahkim davas\u0131n\u0131 \u00e7\u00f6z\u00fcme kavu\u015fturmu\u015ftur.<\/p>\t\t\t\t\t\t\t\t<\/div>\n\t\t\t\t<\/div>\n\t\t\t\t\t<\/div>\n\t\t<\/div>\n\t\t\t\t\t<\/div>\n\t\t<\/section>\n\t\t\t\t\t<\/div>\n\t\t<\/div>\n\t\t\t\t\t<\/div>\n\t\t<\/section>\n\t\t\t\t<\/div>\n\t\t","protected":false},"excerpt":{"rendered":"<p>Dava ve Uyu\u015fmazl\u0131k \u00c7\u00f6z\u00fcm\u00fc AV. Emre \u00c7AKAR Hukuk B\u00fcrosu,\u00a0her t\u00fcrl\u00fc yarg\u0131lama ve tahkim yollar\u0131n\u0131n ulusal ve uluslararas\u0131 boyutta takibi konusunda<\/p>\n","protected":false},"author":1,"featured_media":0,"parent":0,"menu_order":0,"comment_status":"closed","ping_status":"closed","template":"elementor_header_footer","meta":{"footnotes":""},"class_list":["post-15989","page","type-page","status-publish","hentry"],"_links":{"self":[{"href":"https:\/\/emrecakar.av.tr\/index.php\/wp-json\/wp\/v2\/pages\/15989","targetHints":{"allow":["GET"]}}],"collection":[{"href":"https:\/\/emrecakar.av.tr\/index.php\/wp-json\/wp\/v2\/pages"}],"about":[{"href":"https:\/\/emrecakar.av.tr\/index.php\/wp-json\/wp\/v2\/types\/page"}],"author":[{"embeddable":true,"href":"https:\/\/emrecakar.av.tr\/index.php\/wp-json\/wp\/v2\/users\/1"}],"replies":[{"embeddable":true,"href":"https:\/\/emrecakar.av.tr\/index.php\/wp-json\/wp\/v2\/comments?post=15989"}],"version-history":[{"count":4,"href":"https:\/\/emrecakar.av.tr\/index.php\/wp-json\/wp\/v2\/pages\/15989\/revisions"}],"predecessor-version":[{"id":15993,"href":"https:\/\/emrecakar.av.tr\/index.php\/wp-json\/wp\/v2\/pages\/15989\/revisions\/15993"}],"wp:attachment":[{"href":"https:\/\/emrecakar.av.tr\/index.php\/wp-json\/wp\/v2\/media?parent=15989"}],"curies":[{"name":"wp","href":"https:\/\/api.w.org\/{rel}","templated":true}]}}

Dava ve Uyuşmazlık Çözümü

<div data-elementor-type="wp-page" data-elementor-id="15989" class="elementor elementor-15989">
						<section class="elementor-section elementor-top-section elementor-element elementor-element-b896c36 wd-section-stretch elementor-section-height-min-height elementor-section-boxed elementor-section-height-default elementor-section-items-middle" data-id="b896c36" data-element_type="section" data-settings="{&quot;background_background&quot;:&quot;classic&quot;}">
							<div class="elementor-background-overlay"></div>
							<div class="elementor-container elementor-column-gap-default">
					<div class="elementor-column elementor-col-100 elementor-top-column elementor-element elementor-element-5e0049c" data-id="5e0049c" data-element_type="column">
			<div class="elementor-widget-wrap elementor-element-populated">
						<div class="elementor-element elementor-element-a3473cc elementor-widget elementor-widget-heading" data-id="a3473cc" data-element_type="widget" data-widget_type="heading.default">
				<div class="elementor-widget-container">
					<p class="elementor-heading-title elementor-size-default">Dava ve Uyuşmazlık Çözümü</p>				</div>
				</div>
					</div>
		</div>
					</div>
		</section>
				<section class="elementor-section elementor-top-section elementor-element elementor-element-5f2c100 wd-section-stretch elementor-section-boxed elementor-section-height-default elementor-section-height-default" data-id="5f2c100" data-element_type="section">
						<div class="elementor-container elementor-column-gap-default">
					<div class="elementor-column elementor-col-100 elementor-top-column elementor-element elementor-element-fa5c2c1" data-id="fa5c2c1" data-element_type="column">
			<div class="elementor-widget-wrap elementor-element-populated">
						<section class="elementor-section elementor-inner-section elementor-element elementor-element-36313e1 elementor-section-boxed elementor-section-height-default elementor-section-height-default wd-section-disabled" data-id="36313e1" data-element_type="section" data-settings="{&quot;background_background&quot;:&quot;classic&quot;}">
						<div class="elementor-container elementor-column-gap-default">
					<div class="elementor-column elementor-col-100 elementor-inner-column elementor-element elementor-element-a7b5ca1" data-id="a7b5ca1" data-element_type="column">
			<div class="elementor-widget-wrap elementor-element-populated">
						<div class="elementor-element elementor-element-cbf994d color-scheme-inherit text-left elementor-widget elementor-widget-text-editor" data-id="cbf994d" data-element_type="widget" data-widget_type="text-editor.default">
				<div class="elementor-widget-container">
									<p>AV. Emre ÇAKAR Hukuk Bürosu, <span style="color: #020a20; font-family: Roboto, sans-serif; font-size: 14px; font-style: normal; font-variant-ligatures: normal; font-variant-caps: normal; font-weight: 400; letter-spacing: 0.28px;">her türlü yargılama ve tahkim yollarının ulusal ve uluslararası boyutta takibi konusunda tecrübe sahibidir. Dava Tahkim ve Uyuşmazlık Çözümü alanında, başta ticari sözleşmelerden doğan ihtilaflara ilişkin davalar ve yabancı tahkim kararlarının Türkiye’de uygulanması olmak üzere ofisimizin çalışma alanları arasında yer alan tüm hukuk dallarında dava takibi, tahkim ve uyuşmazlık çözümü hizmeti vermektedir.</span></p>								</div>
				</div>
					</div>
		</div>
					</div>
		</section>
				<section class="elementor-section elementor-inner-section elementor-element elementor-element-c83fdc7 elementor-section-boxed elementor-section-height-default elementor-section-height-default wd-section-disabled" data-id="c83fdc7" data-element_type="section" data-settings="{&quot;background_background&quot;:&quot;classic&quot;}">
						<div class="elementor-container elementor-column-gap-default">
					<div class="elementor-column elementor-col-100 elementor-inner-column elementor-element elementor-element-3687a78" data-id="3687a78" data-element_type="column">
			<div class="elementor-widget-wrap elementor-element-populated">
						<div class="elementor-element elementor-element-a588501 color-scheme-inherit text-left elementor-widget elementor-widget-text-editor" data-id="a588501" data-element_type="widget" data-widget_type="text-editor.default">
				<div class="elementor-widget-container">
									<p>Hukuki yollara başvurmadan anlaşma yolu ile çözülebilecek dava ve olaylar için gereken efektif çözümleri sunar. Dünyanın pek çok ülkesinde işbirliği içerisinde olduğu hukuk büroları ve uluslararası meslek örgütü üyelikleri sayesinde birçok sulh anlaşmasını sağlamış ve tahkim davasını çözüme kavuşturmuştur.</p>								</div>
				</div>
					</div>
		</div>
					</div>
		</section>
					</div>
		</div>
					</div>
		</section>
				</div>

<p>Dava ve Uyuşmazlık Çözümü AV. Emre ÇAKAR Hukuk Bürosu, her türlü yargılama ve tahkim yollarının ulusal ve uluslararası boyutta takibi konusunda</p>
